{"id":17653,"date":"2022-04-11T01:18:30","date_gmt":"2022-04-11T00:18:30","guid":{"rendered":"http:\/\/www.nordiclightmals.com\/?page_id=17653"},"modified":"2025-02-12T01:54:53","modified_gmt":"2025-02-12T00:54:53","slug":"ace-nordiclights-ace-espoir-du-futur","status":"publish","type":"page","link":"https:\/\/www.nordiclightmals.com\/?page_id=17653","title":{"rendered":"ACE&#8230; Nordiclight&rsquo;s Ace Racer WTD WTDA (st\u00e9rilis\u00e9)"},"content":{"rendered":"<p><img loading=\"lazy\" decoding=\"async\" class=\"alignleft wp-image-18115 size-large\" src=\"http:\/\/www.nordiclightmals.com\/wp-content\/uploads\/2023\/01\/IMG_2494-1024x683.jpg\" alt=\"\" width=\"584\" height=\"390\" srcset=\"https:\/\/www.nordiclightmals.com\/wp-content\/uploads\/2023\/01\/IMG_2494-1024x683.jpg 1024w, https:\/\/www.nordiclightmals.com\/wp-content\/uploads\/2023\/01\/IMG_2494-300x200.jpg 300w, https:\/\/www.nordiclightmals.com\/wp-content\/uploads\/2023\/01\/IMG_2494-768x512.jpg 768w, https:\/\/www.nordiclightmals.com\/wp-content\/uploads\/2023\/01\/IMG_2494-1536x1024.jpg 1536w, https:\/\/www.nordiclightmals.com\/wp-content\/uploads\/2023\/01\/IMG_2494-2048x1365.jpg 2048w, https:\/\/www.nordiclightmals.com\/wp-content\/uploads\/2023\/01\/IMG_2494-450x300.jpg 450w\" sizes=\"auto, (max-width: 584px) 100vw, 584px\" \/>Statut: St\u00e9rilis\u00e9, membre de l&rsquo;\u00e9quipe<\/p>\n<p>Poids: \u00e0 venir<\/p>\n<p>Couleur: Noir\/blanc<\/p>\n<p>N\u00e9 le: 17 F\u00e9vrier 2022<\/p>\n<p><strong>Voir son album photos <span style=\"color: #ff0000;\"><a style=\"color: #ff0000;\" href=\"http:\/\/www.nordiclightmals.com\/?page_id=18544\">ICI<\/a><\/span><\/strong><\/p>\n<p><img loading=\"lazy\" decoding=\"async\" class=\"alignleft wp-image-18131 size-large\" src=\"http:\/\/www.nordiclightmals.com\/wp-content\/uploads\/2023\/01\/IMG_0724-1024x683.jpg\" alt=\"\" width=\"584\" height=\"390\" srcset=\"https:\/\/www.nordiclightmals.com\/wp-content\/uploads\/2023\/01\/IMG_0724-1024x683.jpg 1024w, https:\/\/www.nordiclightmals.com\/wp-content\/uploads\/2023\/01\/IMG_0724-300x200.jpg 300w, https:\/\/www.nordiclightmals.com\/wp-content\/uploads\/2023\/01\/IMG_0724-768x512.jpg 768w, https:\/\/www.nordiclightmals.com\/wp-content\/uploads\/2023\/01\/IMG_0724-1536x1024.jpg 1536w, https:\/\/www.nordiclightmals.com\/wp-content\/uploads\/2023\/01\/IMG_0724-2048x1365.jpg 2048w, https:\/\/www.nordiclightmals.com\/wp-content\/uploads\/2023\/01\/IMG_0724-450x300.jpg 450w\" sizes=\"auto, (max-width: 584px) 100vw, 584px\" \/><\/p>\n<p><strong>Pedigree:<\/strong><\/p>\n<table border=\"1\" cellspacing=\"0\" cellpadding=\"0\">\n<tbody>\n<tr>\n<td rowspan=\"4\" valign=\"top\" width=\"195\">\n<p align=\"center\">Nordiclight&rsquo;s Syd the Warrior WTD WTDA ROMWD<a href=\"http:\/\/www.nordiclightmals.com\/wp-content\/uploads\/2017\/07\/IMG_7831.jpg\"><img loading=\"lazy\" decoding=\"async\" class=\"alignright size-medium wp-image-15208\" title=\"SYD\" src=\"http:\/\/www.nordiclightmals.com\/wp-content\/uploads\/2017\/07\/IMG_7831-300x225.jpg\" alt=\"\" width=\"300\" height=\"225\" srcset=\"https:\/\/www.nordiclightmals.com\/wp-content\/uploads\/2017\/07\/IMG_7831-300x225.jpg 300w, https:\/\/www.nordiclightmals.com\/wp-content\/uploads\/2017\/07\/IMG_7831-1024x768.jpg 1024w, https:\/\/www.nordiclightmals.com\/wp-content\/uploads\/2017\/07\/IMG_7831-399x300.jpg 399w\" sizes=\"auto, (max-width: 300px) 100vw, 300px\" \/><\/a><\/p>\n<p align=\"center\">\n<\/td>\n<td rowspan=\"2\" valign=\"top\" width=\"195\">\n<p align=\"center\">Malamute Mountain&rsquo;s Flake for Nordiclight WPD WLD WTD WLDA WTDA (GER)<\/p>\n<\/td>\n<td valign=\"top\" width=\"195\">\n<p align=\"center\">Crazy Crew\u2019s Hetja til Oona<\/p>\n<\/td>\n<\/tr>\n<tr>\n<td valign=\"top\" width=\"195\">\n<p align=\"center\">Malamute Mountain\u2019s Elsa<\/p>\n<\/td>\n<\/tr>\n<tr>\n<td style=\"text-align: center;\" rowspan=\"2\" valign=\"top\" width=\"195\">\n<h4><\/h4>\n<h4><\/h4>\n<h4>Snow Creek Great Surprise Chilli WTD WTDA (DEN)<\/h4>\n<\/td>\n<td valign=\"top\" width=\"195\">\n<p align=\"center\">Snow Creek Daring Thor<\/p>\n<\/td>\n<\/tr>\n<tr>\n<td valign=\"top\" width=\"195\">\n<p align=\"center\">Snow Creek Frost-ice Pepzi<\/p>\n<\/td>\n<\/tr>\n<tr>\n<td rowspan=\"4\" valign=\"top\" width=\"195\">\n<p align=\"center\">Nordiclight&rsquo;s Jett WTD ROMWD<\/p>\n<p align=\"center\"><img loading=\"lazy\" decoding=\"async\" class=\"alignleft size-large wp-image-16831\" src=\"http:\/\/www.nordiclightmals.com\/wp-content\/uploads\/2020\/08\/DSC_1088-2-1024x812.jpg\" alt=\"\" width=\"584\" height=\"463\" srcset=\"https:\/\/www.nordiclightmals.com\/wp-content\/uploads\/2020\/08\/DSC_1088-2-1024x812.jpg 1024w, https:\/\/www.nordiclightmals.com\/wp-content\/uploads\/2020\/08\/DSC_1088-2-300x238.jpg 300w, https:\/\/www.nordiclightmals.com\/wp-content\/uploads\/2020\/08\/DSC_1088-2-768x609.jpg 768w, https:\/\/www.nordiclightmals.com\/wp-content\/uploads\/2020\/08\/DSC_1088-2-1536x1218.jpg 1536w, https:\/\/www.nordiclightmals.com\/wp-content\/uploads\/2020\/08\/DSC_1088-2-378x300.jpg 378w, https:\/\/www.nordiclightmals.com\/wp-content\/uploads\/2020\/08\/DSC_1088-2.jpg 1901w\" sizes=\"auto, (max-width: 584px) 100vw, 584px\" \/><\/p>\n<\/td>\n<td rowspan=\"2\" valign=\"top\" width=\"195\">\n<h4><\/h4>\n<h4><\/h4>\n<h4 style=\"text-align: center;\">Snow Creek Frost-Ice Demon WTD WTDA ROMWD (DEN)<\/h4>\n<\/td>\n<td valign=\"top\" width=\"195\">\n<p align=\"center\">Snow Creek\u2019s Blizzard Grey Wolf<\/p>\n<\/td>\n<\/tr>\n<tr>\n<td valign=\"top\" width=\"195\">\n<p align=\"center\">Trap Line Quick Kee-nai WTD WTDA<\/p>\n<\/td>\n<\/tr>\n<tr>\n<td rowspan=\"2\" valign=\"top\" width=\"195\">\n<p align=\"center\">Nordiclight&rsquo;s Zipp WTD WTDA<\/p>\n<\/td>\n<td valign=\"top\" width=\"195\">\n<p align=\"center\">Nordiclight\u2019s Black VooDoo WPD WTD WTDA ROMWD<\/p>\n<\/td>\n<\/tr>\n<tr>\n<td valign=\"top\" width=\"195\">\n<p align=\"center\">Yoko Nordiclight of Indian Valley WPD WTD WTDA ROMWD ROMWDA (GER)<\/p>\n<\/td>\n<\/tr>\n<\/tbody>\n<\/table>\n","protected":false},"excerpt":{"rendered":"<p>Statut: St\u00e9rilis\u00e9, membre de l&rsquo;\u00e9quipe Poids: \u00e0 venir Couleur: Noir\/blanc N\u00e9 le: 17 F\u00e9vrier 2022 Voir son album photos ICI Pedigree: Nordiclight&rsquo;s Syd the Warrior WTD WTDA ROMWD Malamute Mountain&rsquo;s Flake for Nordiclight WPD WLD WTD WLDA WTDA (GER) Crazy &hellip; <a href=\"https:\/\/www.nordiclightmals.com\/?page_id=17653\">Continuer la lecture <span class=\"meta-nav\"> \u00bb<\/span><\/a><\/p>\n","protected":false},"author":1,"featured_media":0,"parent":32,"menu_order":55,"comment_status":"closed","ping_status":"closed","template":"","meta":{"footnotes":""},"class_list":["post-17653","page","type-page","status-publish","hentry"],"_links":{"self":[{"href":"https:\/\/www.nordiclightmals.com\/index.php?rest_route=\/wp\/v2\/pages\/17653","targetHints":{"allow":["GET"]}}],"collection":[{"href":"https:\/\/www.nordiclightmals.com\/index.php?rest_route=\/wp\/v2\/pages"}],"about":[{"href":"https:\/\/www.nordiclightmals.com\/index.php?rest_route=\/wp\/v2\/types\/page"}],"author":[{"embeddable":true,"href":"https:\/\/www.nordiclightmals.com\/index.php?rest_route=\/wp\/v2\/users\/1"}],"replies":[{"embeddable":true,"href":"https:\/\/www.nordiclightmals.com\/index.php?rest_route=%2Fwp%2Fv2%2Fcomments&post=17653"}],"version-history":[{"count":14,"href":"https:\/\/www.nordiclightmals.com\/index.php?rest_route=\/wp\/v2\/pages\/17653\/revisions"}],"predecessor-version":[{"id":19516,"href":"https:\/\/www.nordiclightmals.com\/index.php?rest_route=\/wp\/v2\/pages\/17653\/revisions\/19516"}],"up":[{"embeddable":true,"href":"https:\/\/www.nordiclightmals.com\/index.php?rest_route=\/wp\/v2\/pages\/32"}],"wp:attachment":[{"href":"https:\/\/www.nordiclightmals.com\/index.php?rest_route=%2Fwp%2Fv2%2Fmedia&parent=17653"}],"curies":[{"name":"wp","href":"https:\/\/api.w.org\/{rel}","templated":true}]}}