{"id":1821,"date":"2013-01-14T01:21:43","date_gmt":"2013-01-14T00:21:43","guid":{"rendered":"http:\/\/www.nordiclightmals.com\/?page_id=1821"},"modified":"2026-02-15T21:03:07","modified_gmt":"2026-02-15T20:03:07","slug":"acceuil-home","status":"publish","type":"page","link":"https:\/\/www.nordiclightmals.com\/","title":{"rendered":"Accueil"},"content":{"rendered":"<h1 style=\"text-align: center;\"><a href=\"https:\/\/www.facebook.com\/NordiclightWorkingKennel\" target=\"_blank\" rel=\"noopener noreferrer\"><img loading=\"lazy\" decoding=\"async\" class=\"alignleft  wp-image-9413\" title=\"Nordiclight Malamutes d'Alaska\" src=\"http:\/\/www.nordiclightmals.com\/wp-content\/uploads\/2013\/01\/FB_aimez_nous.jpg\" alt=\"\" width=\"272\" height=\"85\" \/><\/a><a href=\"https:\/\/www.facebook.com\/NordiclightWorkingKennel\" target=\"_blank\" rel=\"noopener noreferrer\"><img loading=\"lazy\" decoding=\"async\" class=\"alignright  wp-image-9417\" title=\"Nordiclight Alaskan Malamutes\" src=\"http:\/\/www.nordiclightmals.com\/wp-content\/uploads\/2013\/01\/FB_Like_us.jpg\" alt=\"\" width=\"226\" height=\"91\" \/><\/a><\/h1>\n<p>&nbsp;<\/p>\n<p>&nbsp;<\/p>\n<p style=\"text-align: center;\"><a href=\"https:\/\/www.instagram.com\/nordiclightmals\/\"><img loading=\"lazy\" decoding=\"async\" class=\"aligncenter  wp-image-19822\" src=\"http:\/\/www.nordiclightmals.com\/wp-content\/uploads\/2026\/02\/Logo-Instagram2-1024x1024.png\" alt=\"\" width=\"153\" height=\"153\" srcset=\"https:\/\/www.nordiclightmals.com\/wp-content\/uploads\/2026\/02\/Logo-Instagram2-1024x1024.png 1024w, https:\/\/www.nordiclightmals.com\/wp-content\/uploads\/2026\/02\/Logo-Instagram2-300x300.png 300w, https:\/\/www.nordiclightmals.com\/wp-content\/uploads\/2026\/02\/Logo-Instagram2-150x150.png 150w, https:\/\/www.nordiclightmals.com\/wp-content\/uploads\/2026\/02\/Logo-Instagram2-768x768.png 768w, https:\/\/www.nordiclightmals.com\/wp-content\/uploads\/2026\/02\/Logo-Instagram2.png 1200w\" sizes=\"auto, (max-width: 153px) 100vw, 153px\" \/><\/a><\/p>\n<h1><img loading=\"lazy\" decoding=\"async\" class=\"alignleft wp-image-17521 size-large\" src=\"http:\/\/www.nordiclightmals.com\/wp-content\/uploads\/2022\/01\/IMG_5745-1024x682.jpg\" alt=\"\" width=\"584\" height=\"389\" srcset=\"https:\/\/www.nordiclightmals.com\/wp-content\/uploads\/2022\/01\/IMG_5745-1024x682.jpg 1024w, https:\/\/www.nordiclightmals.com\/wp-content\/uploads\/2022\/01\/IMG_5745-300x200.jpg 300w, https:\/\/www.nordiclightmals.com\/wp-content\/uploads\/2022\/01\/IMG_5745-768x511.jpg 768w, https:\/\/www.nordiclightmals.com\/wp-content\/uploads\/2022\/01\/IMG_5745-1536x1022.jpg 1536w, https:\/\/www.nordiclightmals.com\/wp-content\/uploads\/2022\/01\/IMG_5745-2048x1363.jpg 2048w, https:\/\/www.nordiclightmals.com\/wp-content\/uploads\/2022\/01\/IMG_5745-451x300.jpg 451w\" sizes=\"auto, (max-width: 584px) 100vw, 584px\" \/><\/h1>\n<h1 style=\"text-align: left;\"><span style=\"color: #ff0000;\"><strong><em>\u00c9leveur Canadien de Malamutes d&rsquo;Alaska, chenil de travail<\/em><\/strong><\/span><\/h1>\n<h1 style=\"text-align: right;\"><strong><em><span style=\"color: #ff0000;\">Canadian breeder of Alaskan Malamutes, working kennel<\/span><\/em><\/strong><\/h1>\n<p><img loading=\"lazy\" decoding=\"async\" class=\"alignleft  wp-image-17520\" src=\"http:\/\/www.nordiclightmals.com\/wp-content\/uploads\/2022\/01\/IMG_5733-1-1024x681.jpg\" alt=\"\" width=\"609\" height=\"409\" \/><\/p>\n<h1 style=\"text-align: center;\"><a href=\"mailto:nordiclightmals@gmail.com\"><span style=\"color: #ff0000;\">nordiclightmals@gmail.com<\/span><\/a><\/h1>\n<p style=\"text-align: center;\"><img loading=\"lazy\" decoding=\"async\" class=\"alignleft size-full wp-image-17530\" src=\"http:\/\/www.nordiclightmals.com\/wp-content\/uploads\/2022\/01\/cropped-IMG_5573-scaled-1.jpg\" alt=\"\" width=\"1000\" height=\"660\" srcset=\"https:\/\/www.nordiclightmals.com\/wp-content\/uploads\/2022\/01\/cropped-IMG_5573-scaled-1.jpg 1000w, https:\/\/www.nordiclightmals.com\/wp-content\/uploads\/2022\/01\/cropped-IMG_5573-scaled-1-300x198.jpg 300w, https:\/\/www.nordiclightmals.com\/wp-content\/uploads\/2022\/01\/cropped-IMG_5573-scaled-1-768x507.jpg 768w, https:\/\/www.nordiclightmals.com\/wp-content\/uploads\/2022\/01\/cropped-IMG_5573-scaled-1-455x300.jpg 455w\" sizes=\"auto, (max-width: 1000px) 100vw, 1000px\" \/><\/p>\n<p style=\"text-align: center;\">Derni\u00e8re mise \u00e0 jour: 15 F\u00e9vrier 2026<\/p>\n<p style=\"text-align: center;\">Last update: February 15th, 2026<\/p>\n<p><strong><em><img loading=\"lazy\" decoding=\"async\" class=\"alignleft wp-image-17581 size-large\" title=\"Flake\" src=\"http:\/\/www.nordiclightmals.com\/wp-content\/uploads\/2022\/01\/IMG_4376-1024x683.jpg\" alt=\"\" width=\"584\" height=\"390\" srcset=\"https:\/\/www.nordiclightmals.com\/wp-content\/uploads\/2022\/01\/IMG_4376-1024x683.jpg 1024w, https:\/\/www.nordiclightmals.com\/wp-content\/uploads\/2022\/01\/IMG_4376-300x200.jpg 300w, https:\/\/www.nordiclightmals.com\/wp-content\/uploads\/2022\/01\/IMG_4376-768x512.jpg 768w, https:\/\/www.nordiclightmals.com\/wp-content\/uploads\/2022\/01\/IMG_4376-1536x1024.jpg 1536w, https:\/\/www.nordiclightmals.com\/wp-content\/uploads\/2022\/01\/IMG_4376-2048x1365.jpg 2048w, https:\/\/www.nordiclightmals.com\/wp-content\/uploads\/2022\/01\/IMG_4376-450x300.jpg 450w\" sizes=\"auto, (max-width: 584px) 100vw, 584px\" \/><\/em><\/strong><\/p>\n<p><img loading=\"lazy\" decoding=\"async\" class=\"alignleft wp-image-17583 size-large\" title=\"Ginger\" src=\"http:\/\/www.nordiclightmals.com\/wp-content\/uploads\/2022\/01\/IMG_6655-1024x730.jpg\" alt=\"\" width=\"584\" height=\"416\" srcset=\"https:\/\/www.nordiclightmals.com\/wp-content\/uploads\/2022\/01\/IMG_6655-1024x730.jpg 1024w, https:\/\/www.nordiclightmals.com\/wp-content\/uploads\/2022\/01\/IMG_6655-300x214.jpg 300w, https:\/\/www.nordiclightmals.com\/wp-content\/uploads\/2022\/01\/IMG_6655-768x548.jpg 768w, https:\/\/www.nordiclightmals.com\/wp-content\/uploads\/2022\/01\/IMG_6655-1536x1095.jpg 1536w, https:\/\/www.nordiclightmals.com\/wp-content\/uploads\/2022\/01\/IMG_6655-2048x1460.jpg 2048w, https:\/\/www.nordiclightmals.com\/wp-content\/uploads\/2022\/01\/IMG_6655-421x300.jpg 421w\" sizes=\"auto, (max-width: 584px) 100vw, 584px\" \/><img loading=\"lazy\" decoding=\"async\" class=\"alignleft wp-image-17582 size-large\" title=\"VooDoo\" src=\"http:\/\/www.nordiclightmals.com\/wp-content\/uploads\/2022\/01\/IMG_4386-2-1024x732.jpg\" alt=\"\" width=\"584\" height=\"417\" srcset=\"https:\/\/www.nordiclightmals.com\/wp-content\/uploads\/2022\/01\/IMG_4386-2-1024x732.jpg 1024w, https:\/\/www.nordiclightmals.com\/wp-content\/uploads\/2022\/01\/IMG_4386-2-300x215.jpg 300w, https:\/\/www.nordiclightmals.com\/wp-content\/uploads\/2022\/01\/IMG_4386-2-768x549.jpg 768w, https:\/\/www.nordiclightmals.com\/wp-content\/uploads\/2022\/01\/IMG_4386-2-1536x1098.jpg 1536w, https:\/\/www.nordiclightmals.com\/wp-content\/uploads\/2022\/01\/IMG_4386-2-2048x1465.jpg 2048w, https:\/\/www.nordiclightmals.com\/wp-content\/uploads\/2022\/01\/IMG_4386-2-420x300.jpg 420w\" sizes=\"auto, (max-width: 584px) 100vw, 584px\" \/><\/p>\n<div align=\"center\">\n<p><img loading=\"lazy\" decoding=\"async\" class=\"alignleft wp-image-17579 size-large\" title=\"Joker, Skor &amp; Magic\" src=\"http:\/\/www.nordiclightmals.com\/wp-content\/uploads\/2022\/01\/IMG_4072-2-1024x748.jpg\" alt=\"\" width=\"584\" height=\"427\" srcset=\"https:\/\/www.nordiclightmals.com\/wp-content\/uploads\/2022\/01\/IMG_4072-2-1024x748.jpg 1024w, https:\/\/www.nordiclightmals.com\/wp-content\/uploads\/2022\/01\/IMG_4072-2-300x219.jpg 300w, https:\/\/www.nordiclightmals.com\/wp-content\/uploads\/2022\/01\/IMG_4072-2-768x561.jpg 768w, https:\/\/www.nordiclightmals.com\/wp-content\/uploads\/2022\/01\/IMG_4072-2-1536x1122.jpg 1536w, https:\/\/www.nordiclightmals.com\/wp-content\/uploads\/2022\/01\/IMG_4072-2-2048x1496.jpg 2048w, https:\/\/www.nordiclightmals.com\/wp-content\/uploads\/2022\/01\/IMG_4072-2-411x300.jpg 411w\" sizes=\"auto, (max-width: 584px) 100vw, 584px\" \/><\/p>\n<\/div>\n<div align=\"center\">\n<p style=\"text-align: center;\"><span style=\"color: #ff0000;\"><img loading=\"lazy\" decoding=\"async\" class=\"alignleft wp-image-17580 size-large\" title=\"Salem &amp; Zombie avec\/with Tweety\" src=\"http:\/\/www.nordiclightmals.com\/wp-content\/uploads\/2022\/01\/IMG_4302-2-1024x683.jpg\" alt=\"\" width=\"584\" height=\"390\" srcset=\"https:\/\/www.nordiclightmals.com\/wp-content\/uploads\/2022\/01\/IMG_4302-2-1024x683.jpg 1024w, https:\/\/www.nordiclightmals.com\/wp-content\/uploads\/2022\/01\/IMG_4302-2-300x200.jpg 300w, https:\/\/www.nordiclightmals.com\/wp-content\/uploads\/2022\/01\/IMG_4302-2-768x512.jpg 768w, https:\/\/www.nordiclightmals.com\/wp-content\/uploads\/2022\/01\/IMG_4302-2-1536x1024.jpg 1536w, https:\/\/www.nordiclightmals.com\/wp-content\/uploads\/2022\/01\/IMG_4302-2-2048x1365.jpg 2048w, https:\/\/www.nordiclightmals.com\/wp-content\/uploads\/2022\/01\/IMG_4302-2-450x300.jpg 450w\" sizes=\"auto, (max-width: 584px) 100vw, 584px\" \/><\/span><\/p>\n<p><a title=\"Nordiclight Alaskan Malamutes &amp; Greenland Dogs\" href=\"https:\/\/www.facebook.com\/NordiclightWorkingKennel\" target=\"_blank\" rel=\"noopener noreferrer\"><img decoding=\"async\" style=\"border: 0px;\" src=\"https:\/\/badge.facebook.com\/badge\/209473939164979.927.1943153512.png\" alt=\"\" \/><\/a><\/p>\n<p><a href=\"http:\/\/www.nordiclightmals.com\/wp-content\/uploads\/2013\/01\/DSC_0253.jpg\"><img loading=\"lazy\" decoding=\"async\" class=\"aligncenter size-full wp-image-13939\" title=\"Nordiclight\" src=\"http:\/\/www.nordiclightmals.com\/wp-content\/uploads\/2013\/01\/DSC_0253.jpg\" alt=\"\" width=\"3216\" height=\"2136\" srcset=\"https:\/\/www.nordiclightmals.com\/wp-content\/uploads\/2013\/01\/DSC_0253.jpg 3216w, https:\/\/www.nordiclightmals.com\/wp-content\/uploads\/2013\/01\/DSC_0253-300x199.jpg 300w, https:\/\/www.nordiclightmals.com\/wp-content\/uploads\/2013\/01\/DSC_0253-451x300.jpg 451w\" sizes=\"auto, (max-width: 3216px) 100vw, 3216px\" \/><\/a><\/p>\n<table style=\"height: 5px;\" border=\"1\" width=\"624\">\n<tbody>\n<tr>\n<td rowspan=\"2\" width=\"32%\" height=\"90\"><\/td>\n<\/tr>\n<\/tbody>\n<\/table>\n<\/div>\n","protected":false},"excerpt":{"rendered":"<p>&nbsp; &nbsp; \u00c9leveur Canadien de Malamutes d&rsquo;Alaska, chenil de travail Canadian breeder of Alaskan Malamutes, working kennel nordiclightmals@gmail.com Derni\u00e8re mise \u00e0 jour: 15 F\u00e9vrier 2026 Last update: February 15th, 2026<\/p>\n","protected":false},"author":1,"featured_media":0,"parent":0,"menu_order":0,"comment_status":"open","ping_status":"closed","template":"","meta":{"footnotes":""},"class_list":["post-1821","page","type-page","status-publish","hentry"],"_links":{"self":[{"href":"https:\/\/www.nordiclightmals.com\/index.php?rest_route=\/wp\/v2\/pages\/1821","targetHints":{"allow":["GET"]}}],"collection":[{"href":"https:\/\/www.nordiclightmals.com\/index.php?rest_route=\/wp\/v2\/pages"}],"about":[{"href":"https:\/\/www.nordiclightmals.com\/index.php?rest_route=\/wp\/v2\/types\/page"}],"author":[{"embeddable":true,"href":"https:\/\/www.nordiclightmals.com\/index.php?rest_route=\/wp\/v2\/users\/1"}],"replies":[{"embeddable":true,"href":"https:\/\/www.nordiclightmals.com\/index.php?rest_route=%2Fwp%2Fv2%2Fcomments&post=1821"}],"version-history":[{"count":260,"href":"https:\/\/www.nordiclightmals.com\/index.php?rest_route=\/wp\/v2\/pages\/1821\/revisions"}],"predecessor-version":[{"id":19825,"href":"https:\/\/www.nordiclightmals.com\/index.php?rest_route=\/wp\/v2\/pages\/1821\/revisions\/19825"}],"wp:attachment":[{"href":"https:\/\/www.nordiclightmals.com\/index.php?rest_route=%2Fwp%2Fv2%2Fmedia&parent=1821"}],"curies":[{"name":"wp","href":"https:\/\/api.w.org\/{rel}","templated":true}]}}