{"id":514,"date":"2012-09-11T02:50:09","date_gmt":"2012-09-11T01:50:09","guid":{"rendered":"http:\/\/www.nordiclightmals.com\/?page_id=514"},"modified":"2026-04-06T13:10:02","modified_gmt":"2026-04-06T12:10:02","slug":"portees-a-venir","status":"publish","type":"page","link":"https:\/\/www.nordiclightmals.com\/?page_id=514","title":{"rendered":"Port\u00e9es actuelles ou \u00e0 venir"},"content":{"rendered":"<h1 style=\"text-align: center;\"><a href=\"http:\/\/www.nordiclightmals.com\/wp-content\/uploads\/2012\/09\/pups.jpg\"><img loading=\"lazy\" decoding=\"async\" class=\"alignleft size-large wp-image-17341\" src=\"http:\/\/www.nordiclightmals.com\/wp-content\/uploads\/2021\/11\/IMG_1204-1024x683.jpg\" alt=\"\" width=\"584\" height=\"390\" srcset=\"https:\/\/www.nordiclightmals.com\/wp-content\/uploads\/2021\/11\/IMG_1204-1024x683.jpg 1024w, https:\/\/www.nordiclightmals.com\/wp-content\/uploads\/2021\/11\/IMG_1204-300x200.jpg 300w, https:\/\/www.nordiclightmals.com\/wp-content\/uploads\/2021\/11\/IMG_1204-768x512.jpg 768w, https:\/\/www.nordiclightmals.com\/wp-content\/uploads\/2021\/11\/IMG_1204-1536x1024.jpg 1536w, https:\/\/www.nordiclightmals.com\/wp-content\/uploads\/2021\/11\/IMG_1204-2048x1365.jpg 2048w, https:\/\/www.nordiclightmals.com\/wp-content\/uploads\/2021\/11\/IMG_1204-450x300.jpg 450w\" sizes=\"auto, (max-width: 584px) 100vw, 584px\" \/><\/a><\/h1>\n<p style=\"text-align: center;\">\u00a0<\/p>\n<p style=\"text-align: center;\"><strong>PORT\u00c9E \u00c9T\u00c9 2026<\/strong><\/p>\n<p style=\"text-align: center;\"><strong><span style=\"color: #ff0000;\">Nous pr\u00e9voyons la combinaison entre Spike et Funky lors des prochaines chaleurs qui devraient-\u00eatre vers le mois de Mai-Juin. Les r\u00e9servations sont ouvertes sur cette port\u00e9e, contactez-nous pour de plus amples informations.<\/span><\/strong><\/p>\n<p style=\"text-align: center;\"><strong>SPIKE \u00ab\u00a0Nordiclight&rsquo;s Spike WTD WTDA\u00a0\u00bb<\/strong><\/p>\n<p style=\"text-align: center;\"><img loading=\"lazy\" decoding=\"async\" class=\"aligncenter size-large wp-image-19814\" src=\"http:\/\/www.nordiclightmals.com\/wp-content\/uploads\/2026\/02\/Spike2-1024x683.jpg\" alt=\"\" width=\"584\" height=\"390\" srcset=\"https:\/\/www.nordiclightmals.com\/wp-content\/uploads\/2026\/02\/Spike2-1024x683.jpg 1024w, https:\/\/www.nordiclightmals.com\/wp-content\/uploads\/2026\/02\/Spike2-300x200.jpg 300w, https:\/\/www.nordiclightmals.com\/wp-content\/uploads\/2026\/02\/Spike2-768x512.jpg 768w, https:\/\/www.nordiclightmals.com\/wp-content\/uploads\/2026\/02\/Spike2-1536x1024.jpg 1536w, https:\/\/www.nordiclightmals.com\/wp-content\/uploads\/2026\/02\/Spike2-450x300.jpg 450w, https:\/\/www.nordiclightmals.com\/wp-content\/uploads\/2026\/02\/Spike2.jpg 1560w\" sizes=\"auto, (max-width: 584px) 100vw, 584px\" \/><\/p>\n<p style=\"text-align: center;\">&amp;<\/p>\n<p style=\"text-align: center;\"><strong>FUNKY \u00ab\u00a0Nordiclight&rsquo;s Funky Girl WTD\u00a0\u00bb<\/strong><\/p>\n<p style=\"text-align: center;\"><img loading=\"lazy\" decoding=\"async\" class=\"aligncenter size-large wp-image-19815\" src=\"http:\/\/www.nordiclightmals.com\/wp-content\/uploads\/2026\/02\/Funky-stack-1024x682.jpg\" alt=\"\" width=\"584\" height=\"389\" srcset=\"https:\/\/www.nordiclightmals.com\/wp-content\/uploads\/2026\/02\/Funky-stack-1024x682.jpg 1024w, https:\/\/www.nordiclightmals.com\/wp-content\/uploads\/2026\/02\/Funky-stack-300x200.jpg 300w, https:\/\/www.nordiclightmals.com\/wp-content\/uploads\/2026\/02\/Funky-stack-768x511.jpg 768w, https:\/\/www.nordiclightmals.com\/wp-content\/uploads\/2026\/02\/Funky-stack-1536x1022.jpg 1536w, https:\/\/www.nordiclightmals.com\/wp-content\/uploads\/2026\/02\/Funky-stack-451x300.jpg 451w, https:\/\/www.nordiclightmals.com\/wp-content\/uploads\/2026\/02\/Funky-stack.jpg 2048w\" sizes=\"auto, (max-width: 584px) 100vw, 584px\" \/><\/p>\n<p style=\"text-align: center;\"><strong>Si vous d\u00e9sirez obtenir de plus amples informations sur notre \u00e9levage et nos futures port\u00e9es, contactez-nous <strong> par courriel <strong><strong><span style=\"color: #333333;\">\u00a0<a href=\"mailto:nordiclightmals@gmail.com\"><span style=\"color: #ff0000;\">nordiclightmals@gmail.com<\/span><\/a> <\/span><\/strong><\/strong><\/strong>ou par messagerie priv\u00e9 via notre page Facebook en nous parlant de vous, votre famille, votre maison-terrain-cl\u00f4ture, o\u00f9 vous demeurez, votre travail, vos animaux actuels (si vous en avez), vos activit\u00e9s de plein air et tout ce que vous pouvez nous apprendre sur vous et votre style de vie qui nous d\u00e9montrera que vous pourriez \u00eatre une famille parfaite pour l\u2019un de nos Malamutes. Nous aimerions \u00e9galement recevoir des photos de vous, votre maison et le terrain. Par la suite, si vos installations et votre style de vie conviennent aux besoins de nos chiens, nous pourrons discuter plus longuement et vous rencontrer pour discuter en personne, vous montrer les certifications en sant\u00e9 des reproducteurs et vous pr\u00e9senter la meute et les futurs parents.<\/strong><\/p>\n<p style=\"text-align: center;\"><strong>*** Veuillez noter que je r\u00e9pondrai SEULEMENT aux messages complets et non aux messages de quelques lignes qui ne m\u2019apprennent rien sur vous. Ce premier contact compte beaucoup dans la s\u00e9lection des familles que nous approuvons pour nos chiots.<\/strong><\/p>\n<p style=\"text-align: center;\"><strong><img loading=\"lazy\" decoding=\"async\" class=\"alignleft wp-image-19018 size-large\" title=\"DSC_0029\" src=\"http:\/\/www.nordiclightmals.com\/wp-content\/uploads\/2023\/07\/Izzy-puppies-1024x744.jpg\" alt=\"\" width=\"584\" height=\"424\" srcset=\"https:\/\/www.nordiclightmals.com\/wp-content\/uploads\/2023\/07\/Izzy-puppies-1024x744.jpg 1024w, https:\/\/www.nordiclightmals.com\/wp-content\/uploads\/2023\/07\/Izzy-puppies-300x218.jpg 300w, https:\/\/www.nordiclightmals.com\/wp-content\/uploads\/2023\/07\/Izzy-puppies-768x558.jpg 768w, https:\/\/www.nordiclightmals.com\/wp-content\/uploads\/2023\/07\/Izzy-puppies-1536x1116.jpg 1536w, https:\/\/www.nordiclightmals.com\/wp-content\/uploads\/2023\/07\/Izzy-puppies-413x300.jpg 413w, https:\/\/www.nordiclightmals.com\/wp-content\/uploads\/2023\/07\/Izzy-puppies.jpg 2048w\" sizes=\"auto, (max-width: 584px) 100vw, 584px\" \/>*** Visite de l\u2019\u00e9levage sur rendez-vous seulement<\/strong><\/p>\n<p style=\"text-align: center;\"><span style=\"color: #ff0000;\"><strong><strong>*** Personnes en appartement (ou condo), s.v.p, s&rsquo;abstenir. Le Malamute n&rsquo;est pas fait pour la vie en appartement. Aucune exception, vous devez avoir une maison. ***<\/strong><\/strong><\/span><\/p>\n<h1><span style=\"color: #333333;\"><img loading=\"lazy\" decoding=\"async\" class=\"size-large wp-image-19020 aligncenter\" src=\"http:\/\/www.nordiclightmals.com\/wp-content\/uploads\/2023\/07\/IMG_6938-1024x683.jpg\" alt=\"\" width=\"584\" height=\"390\" srcset=\"https:\/\/www.nordiclightmals.com\/wp-content\/uploads\/2023\/07\/IMG_6938-1024x683.jpg 1024w, https:\/\/www.nordiclightmals.com\/wp-content\/uploads\/2023\/07\/IMG_6938-300x200.jpg 300w, https:\/\/www.nordiclightmals.com\/wp-content\/uploads\/2023\/07\/IMG_6938-768x512.jpg 768w, https:\/\/www.nordiclightmals.com\/wp-content\/uploads\/2023\/07\/IMG_6938-1536x1024.jpg 1536w, https:\/\/www.nordiclightmals.com\/wp-content\/uploads\/2023\/07\/IMG_6938-2048x1365.jpg 2048w, https:\/\/www.nordiclightmals.com\/wp-content\/uploads\/2023\/07\/IMG_6938-450x300.jpg 450w\" sizes=\"auto, (max-width: 584px) 100vw, 584px\" \/><\/span><\/h1>\n<p style=\"text-align: center;\"><img loading=\"lazy\" decoding=\"async\" class=\"size-large wp-image-19022 aligncenter\" src=\"http:\/\/www.nordiclightmals.com\/wp-content\/uploads\/2023\/07\/IMG_0268-1024x683.jpg\" alt=\"\" width=\"584\" height=\"390\" srcset=\"https:\/\/www.nordiclightmals.com\/wp-content\/uploads\/2023\/07\/IMG_0268-1024x683.jpg 1024w, https:\/\/www.nordiclightmals.com\/wp-content\/uploads\/2023\/07\/IMG_0268-300x200.jpg 300w, https:\/\/www.nordiclightmals.com\/wp-content\/uploads\/2023\/07\/IMG_0268-768x512.jpg 768w, https:\/\/www.nordiclightmals.com\/wp-content\/uploads\/2023\/07\/IMG_0268-1536x1024.jpg 1536w, https:\/\/www.nordiclightmals.com\/wp-content\/uploads\/2023\/07\/IMG_0268-2048x1365.jpg 2048w, https:\/\/www.nordiclightmals.com\/wp-content\/uploads\/2023\/07\/IMG_0268-450x300.jpg 450w\" sizes=\"auto, (max-width: 584px) 100vw, 584px\" \/><\/p>\n<p><img loading=\"lazy\" decoding=\"async\" class=\"size-large wp-image-19024 aligncenter\" src=\"http:\/\/www.nordiclightmals.com\/wp-content\/uploads\/2023\/07\/IMG_0734-1024x683.jpg\" alt=\"\" width=\"584\" height=\"390\" srcset=\"https:\/\/www.nordiclightmals.com\/wp-content\/uploads\/2023\/07\/IMG_0734-1024x683.jpg 1024w, https:\/\/www.nordiclightmals.com\/wp-content\/uploads\/2023\/07\/IMG_0734-300x200.jpg 300w, https:\/\/www.nordiclightmals.com\/wp-content\/uploads\/2023\/07\/IMG_0734-768x512.jpg 768w, https:\/\/www.nordiclightmals.com\/wp-content\/uploads\/2023\/07\/IMG_0734-1536x1024.jpg 1536w, https:\/\/www.nordiclightmals.com\/wp-content\/uploads\/2023\/07\/IMG_0734-2048x1365.jpg 2048w, https:\/\/www.nordiclightmals.com\/wp-content\/uploads\/2023\/07\/IMG_0734-450x300.jpg 450w\" sizes=\"auto, (max-width: 584px) 100vw, 584px\" \/><\/p>\n<p><img loading=\"lazy\" decoding=\"async\" class=\"size-large wp-image-19029 aligncenter\" src=\"http:\/\/www.nordiclightmals.com\/wp-content\/uploads\/2023\/07\/Groove-chiot-1024x716.jpg\" alt=\"\" width=\"584\" height=\"408\" srcset=\"https:\/\/www.nordiclightmals.com\/wp-content\/uploads\/2023\/07\/Groove-chiot-1024x716.jpg 1024w, https:\/\/www.nordiclightmals.com\/wp-content\/uploads\/2023\/07\/Groove-chiot-300x210.jpg 300w, https:\/\/www.nordiclightmals.com\/wp-content\/uploads\/2023\/07\/Groove-chiot-768x537.jpg 768w, https:\/\/www.nordiclightmals.com\/wp-content\/uploads\/2023\/07\/Groove-chiot-1536x1073.jpg 1536w, https:\/\/www.nordiclightmals.com\/wp-content\/uploads\/2023\/07\/Groove-chiot-429x300.jpg 429w, https:\/\/www.nordiclightmals.com\/wp-content\/uploads\/2023\/07\/Groove-chiot.jpg 2048w\" sizes=\"auto, (max-width: 584px) 100vw, 584px\" \/><\/p>\n<p><img loading=\"lazy\" decoding=\"async\" class=\"wp-image-19026 size-large aligncenter\" title=\"Sierra &amp; her puppies\" src=\"http:\/\/www.nordiclightmals.com\/wp-content\/uploads\/2023\/07\/IMG_2707-1024x689.jpg\" alt=\"\" width=\"584\" height=\"393\" srcset=\"https:\/\/www.nordiclightmals.com\/wp-content\/uploads\/2023\/07\/IMG_2707-1024x689.jpg 1024w, https:\/\/www.nordiclightmals.com\/wp-content\/uploads\/2023\/07\/IMG_2707-300x202.jpg 300w, https:\/\/www.nordiclightmals.com\/wp-content\/uploads\/2023\/07\/IMG_2707-768x516.jpg 768w, https:\/\/www.nordiclightmals.com\/wp-content\/uploads\/2023\/07\/IMG_2707-1536x1033.jpg 1536w, https:\/\/www.nordiclightmals.com\/wp-content\/uploads\/2023\/07\/IMG_2707-2048x1377.jpg 2048w, https:\/\/www.nordiclightmals.com\/wp-content\/uploads\/2023\/07\/IMG_2707-446x300.jpg 446w\" sizes=\"auto, (max-width: 584px) 100vw, 584px\" \/><\/p>\n\n\n<h1 class=\"wp-block-heading\"><a href=\"http:\/\/www.nordiclightmals.com\/wp-content\/uploads\/2012\/09\/DSC_0254.jpg\"><\/a><\/h1>\n\n\n\n<p><\/p>\n","protected":false},"excerpt":{"rendered":"<p>\u00a0 PORT\u00c9E \u00c9T\u00c9 2026 Nous pr\u00e9voyons la combinaison entre Spike et Funky lors des prochaines chaleurs qui devraient-\u00eatre vers le mois de Mai-Juin. Les r\u00e9servations sont ouvertes sur cette port\u00e9e, contactez-nous pour de plus amples informations. SPIKE \u00ab\u00a0Nordiclight&rsquo;s Spike WTD &hellip; <a href=\"https:\/\/www.nordiclightmals.com\/?page_id=514\">Continuer la lecture <span class=\"meta-nav\"> \u00bb<\/span><\/a><\/p>\n","protected":false},"author":1,"featured_media":0,"parent":1844,"menu_order":10,"comment_status":"open","ping_status":"open","template":"","meta":{"footnotes":""},"class_list":["post-514","page","type-page","status-publish","hentry"],"_links":{"self":[{"href":"https:\/\/www.nordiclightmals.com\/index.php?rest_route=\/wp\/v2\/pages\/514","targetHints":{"allow":["GET"]}}],"collection":[{"href":"https:\/\/www.nordiclightmals.com\/index.php?rest_route=\/wp\/v2\/pages"}],"about":[{"href":"https:\/\/www.nordiclightmals.com\/index.php?rest_route=\/wp\/v2\/types\/page"}],"author":[{"embeddable":true,"href":"https:\/\/www.nordiclightmals.com\/index.php?rest_route=\/wp\/v2\/users\/1"}],"replies":[{"embeddable":true,"href":"https:\/\/www.nordiclightmals.com\/index.php?rest_route=%2Fwp%2Fv2%2Fcomments&post=514"}],"version-history":[{"count":338,"href":"https:\/\/www.nordiclightmals.com\/index.php?rest_route=\/wp\/v2\/pages\/514\/revisions"}],"predecessor-version":[{"id":19876,"href":"https:\/\/www.nordiclightmals.com\/index.php?rest_route=\/wp\/v2\/pages\/514\/revisions\/19876"}],"up":[{"embeddable":true,"href":"https:\/\/www.nordiclightmals.com\/index.php?rest_route=\/wp\/v2\/pages\/1844"}],"wp:attachment":[{"href":"https:\/\/www.nordiclightmals.com\/index.php?rest_route=%2Fwp%2Fv2%2Fmedia&parent=514"}],"curies":[{"name":"wp","href":"https:\/\/api.w.org\/{rel}","templated":true}]}}